{"id":71,"date":"2025-12-01T18:54:02","date_gmt":"2025-12-01T18:54:02","guid":{"rendered":"https:\/\/powergestplus.pt\/www\/?page_id=71"},"modified":"2026-01-11T11:05:52","modified_gmt":"2026-01-11T11:05:52","slug":"mentoria-e-consultoria-novos-negocios","status":"publish","type":"page","link":"https:\/\/powergestplus.pt\/www\/servicos\/mentoria-e-consultoria-novos-negocios\/","title":{"rendered":"Mentoria e Consultoria \u2013 Novos Neg\u00f3cios"},"content":{"rendered":"\n<p><strong><em><strong>Da ideia ao neg\u00f3cio estruturado e sustent\u00e1vel<\/strong><\/em><\/strong><\/p>\n\n\n\n<p>A Mentoria de Novos Neg\u00f3cios \u00e9 um acompanhamento personalizado para empreendedores que precisam de <strong>estrutura, estrat\u00e9gia e dire\u00e7\u00e3o<\/strong>, n\u00e3o apenas de motiva\u00e7\u00e3o.<\/p>\n\n\n\n<p>Ajudamos a transformar ideias em neg\u00f3cios s\u00f3lidos, ou a reorganizar projetos j\u00e1 existentes, atrav\u00e9s de planeamento realista e apoio pr\u00e1tico.<\/p>\n\n\n\n<p>Inclui:<\/p>\n\n\n\n<ul class=\"wp-block-list\">\n<li>An\u00e1lise do conceito ou neg\u00f3cio atual<\/li>\n\n\n\n<li>Defini\u00e7\u00e3o da proposta de valor e p\u00fablico-alvo<\/li>\n\n\n\n<li>Desenvolvimento de um <strong>Plano de Neg\u00f3cios a 5 anos<\/strong><\/li>\n\n\n\n<li>Cria\u00e7\u00e3o de um <strong>Caderno de Encargos<\/strong> com processos e responsabilidades<\/li>\n\n\n\n<li>Apoio estrat\u00e9gico cont\u00ednuo<\/li>\n<\/ul>\n\n\n\n<p>\ud83d\udd39 Clareza estrat\u00e9gica<br>\ud83d\udd39 Estrutura para crescer<br>\ud83d\udd39 Decis\u00f5es mais seguras<br>\ud83d\udd39 Neg\u00f3cios com bases s\u00f3lidas<\/p>\n","protected":false},"excerpt":{"rendered":"<p>Da ideia ao neg\u00f3cio estruturado e sustent\u00e1vel A Mentoria de Novos Neg\u00f3cios \u00e9 um acompanhamento personalizado para empreendedores que precisam de estrutura, estrat\u00e9gia e dire\u00e7\u00e3o, n\u00e3o apenas de motiva\u00e7\u00e3o. Ajudamos a transformar ideias em neg\u00f3cios s\u00f3lidos, ou a reorganizar projetos j\u00e1 existentes, atrav\u00e9s de planeamento realista e apoio pr\u00e1tico. Inclui: \ud83d\udd39 Clareza estrat\u00e9gica\ud83d\udd39 Estrutura para [&hellip;]<\/p>\n","protected":false},"author":1,"featured_media":0,"parent":24,"menu_order":0,"comment_status":"closed","ping_status":"closed","template":"","meta":{"footnotes":""},"class_list":["post-71","page","type-page","status-publish","hentry"],"_links":{"self":[{"href":"https:\/\/powergestplus.pt\/www\/wp-json\/wp\/v2\/pages\/71","targetHints":{"allow":["GET"]}}],"collection":[{"href":"https:\/\/powergestplus.pt\/www\/wp-json\/wp\/v2\/pages"}],"about":[{"href":"https:\/\/powergestplus.pt\/www\/wp-json\/wp\/v2\/types\/page"}],"author":[{"embeddable":true,"href":"https:\/\/powergestplus.pt\/www\/wp-json\/wp\/v2\/users\/1"}],"replies":[{"embeddable":true,"href":"https:\/\/powergestplus.pt\/www\/wp-json\/wp\/v2\/comments?post=71"}],"version-history":[{"count":1,"href":"https:\/\/powergestplus.pt\/www\/wp-json\/wp\/v2\/pages\/71\/revisions"}],"predecessor-version":[{"id":72,"href":"https:\/\/powergestplus.pt\/www\/wp-json\/wp\/v2\/pages\/71\/revisions\/72"}],"up":[{"embeddable":true,"href":"https:\/\/powergestplus.pt\/www\/wp-json\/wp\/v2\/pages\/24"}],"wp:attachment":[{"href":"https:\/\/powergestplus.pt\/www\/wp-json\/wp\/v2\/media?parent=71"}],"curies":[{"name":"wp","href":"https:\/\/api.w.org\/{rel}","templated":true}]}}